r when q is divided by 24.
21
What is the remainder when -2*(0 - -2) + (3 - -182) is divided by 23?
20
Let f = -3 - -10. What is the remainder when f is divided by (-24)/(-12) + -1 + 3?
3
Suppose -12*q = -13*q + 21. What is the remainder when q is divided by 13?
8
Let f = -8 - 31. Let b = 14 - 7. Calculate the remainder when (2 + -1)/((-3)/f) is divided by b.
6
Suppose -12*h + 6 = -9*h. Suppose a + 62 = h*w, 0*w - a = -w + 31. What is the remainder when w is divided by 8?
7
Let o(z) = 3*z**3 - 2*z**3 + 3 - 1 - 2*z - 1. Let t be o(1). Suppose t = 5*r - 74 - 6. What is the remainder when r is divided by 9?
7
Let i(b) = -b**3 - 9*b**2 - 13*b - 26. What is the remainder when i(-8) is divided by 4?
2
Suppose -312 = 2*n - 8*n. Calculate the remainder when n is divided by 19.
14
Let k = 7 - 5. Let c be (1 + 1)/k - 2. Calculate the remainder when (-16)/(-3 - (-1 + c)) is divided by 9.
7
Suppose 2*c = -c + 6. What is the remainder when 4 is divided by c?
0
Suppose 96 = -5*d + 13*d. Suppose -3*m + 15 = 0, -m + 30 = -o + 6*o. Calculate the remainder when d is divided by o.
2
Suppose 12 + 52 = 4*x. Suppose -3*r = 4*y - 84, 4*r - 4*y = y + 112. What is the remainder when r is divided by x?
12
Let t(l) = l**3 - l**2 + 2*l + 5. Let b be t(0). Let j(c) = c**2 + 1. Let a be j(0). Let o = a + b. Calculate the remainder when o is divided by 2.
0
Let a = 207 + -146. Calculate the remainder when a is divided by 9.
7
Let c(q) = 15*q**2 - 4*q - 1. What is the remainder when c(2) is divided by 13?
12
Let f(t) be the first derivative of -3*t**2/2 - t + 2. Calculate the remainder when f(-5) is divided by 4.
2
Suppose 0 = -0*q + 5*q + 60. Suppose 5*s - 15 = -m - 0*m, 5*m + 15 = 5*s. Calculate the remainder when ((-6)/(-1))/((-9)/q) is divided by s.
2
Suppose -24 + 4 = -5*q. Suppose 3*v = -v + q. What is the remainder when 2 is divided by v?
0
Let d = -66 - -141. Calculate the remainder when d is divided by 22.
9
Let p = 62 - 60. Suppose 0 = 5*x - 6 - 4. Suppose -2 - x = -4*v. What is the remainder when p is divided by v?
0
Suppose -18 = -2*o + 4*z, 0 = 3*o - 2*z + z - 7. Calculate the remainder when (3/6)/(o/86) is divided by 11.
10
Suppose 4*g - 260 = 228. Calculate the remainder when g is divided by 31.
29
Let o be (2 - (1 + 1))*-1. Suppose 5*l = -3*z - 31, l = z - 4*l - 23. Calculate the remainder when 7 is divided by (3 + o/z)*1.
1
Let h(r) = -20*r**3 + r**2 - 3*r + 3. Let t be h(2). Let s = -106 - t. Calculate the remainder when s is divided by 8.
5
Let n = 29 - 11. Suppose 0*g - 4*g + n = 2*t, 27 = 5*t + 4*g. Suppose t*z - 1 - 14 = 0. Calculate the remainder when z is divided by 3.
2
Let p = -29 + 43. Calculate the remainder when (-1)/(-6) - (-956)/24 is divided by p.
12
Let z(u) = -u + 3. Let d be z(3). Let a(j) = -j + 20. Calculate the remainder when a(d) is divided by 7.
6
Suppose -2*w = 5*f - 9 + 1, 3*w - 5*f - 12 = 0. What is the remainder when 46 is divided by (w - 72/15)*-30?
22
Let q = 1 - -9. Let z(f) = 10*f - 2. What is the remainder when z(2) is divided by q?
8
Suppose 5*a = 7*a - 8. Suppose -a*f + 18 + 26 = 0. Calculate the remainder when 20 is divided by f.
9
Suppose -3*t - 12 = 0, -2*q + 4*t - 24 = 3*q. Let b = q - -15. What is the remainder when 12 is divided by b?
5
Let h = 8 + -4. Suppose -x - 4*x + 73 = o, -h*x = 5*o - 71. What is the remainder when 25 is divided by x?
11
Let v be (39/(-15) - -3)*-10. Let w be (-2)/v - (-3)/(-6). Suppose w = -2*g - g + 42. What is the remainder when 41 is divided by g?
13
Suppose 130 - 18 = 4*a. Calculate the remainder when 109 is divided by a.
25
Let u = -3 + 11. Let m = u + 16. Let y = -19 - -32. Calculate the remainder when m is divided by y.
11
Let o(a) = 2*a**2 + 10*a - 3. Let z be o(-8). Calculate the remainder when 5 is divided by -3*5/(z/(-6)).
1
Let r(t) = -t**3 + 5*t**2 + t - 5. Let d(j) = -4 + 8*j**3 - 2 + 2*j + 5. What is the remainder when r(4) is divided by d(1)?
6
Suppose -2*l - 165 = 5*z - 42, 2*l - 27 = z. What is the remainder when (4/(-1))/(2/z) is divided by 15 + (-1)/(1/(-2))?
16
Suppose 3*d = 6*d - 120. Calculate the remainder when 115 is divided by d.
35
What is the remainder when (-4)/(-10) + 346/10 is divided by 9?
8
Let y(b) = 4*b + 34. What is the remainder when y(11) is divided by 20?
18
Let v(p) = p**2 + 5*p - 1. Let l be v(-6). Let t = 1 + l. What is the remainder when 9 is divided by t?
3
Suppose j - 14 = 6. Let u = j - 5. Suppose u = 5*g - 70. Calculate the remainder when g is divided by 9.
8
Suppose 0*z = 2*z - 96. What is the remainder when z is divided by 13?
9
What is the remainder when 21/(-2)*136/(-12) is divided by 32?
23
Let k be -4*((-3)/2 - -1). Suppose 0 = -11*w + 6*w + 430. Suppose -k*p = -2*j - j + w, j - 5*p - 33 = 0. What is the remainder when j is divided by 10?
8
Suppose 3*l - 5*l = -2*s - 16, 4*s - 56 = -4*l. What is the remainder when 38 is divided by l?
5
Suppose -g + 24 = g. Suppose -4*h - 5*v + 128 = 0, -2*h - 4*v = -v - 66. Calculate the remainder when 22 is divided by (h/g)/(3/8).
4
Suppose -2*x + x = 6. What is the remainder when 61 is divided by 7/((x/3)/(-6))?
19
Suppose g + 94 = 3*g. What is the remainder when g is divided by 25?
22
Suppose -19 - 41 = -2*m. Let x = m + -17. Let w(t) = -t**3 + 10*t**2 - 6*t - 4. What is the remainder when w(9) is divided by x?
10
Suppose -3*i - 3*w + 22 = -2*w, -3*i + 5*w = -52. Let y = -9 + 24. Calculate the remainder when y is divided by i.
6
Let h = 151 + -132. Calculate the remainder when 93 is divided by h.
17
Suppose -3*q - 2*q = 20. Let s = q - -3. What is the remainder when 3 is divided by (-3)/(5/(-2) - s)?
1
Let i(k) = -k**2 + 11*k - 9. Calculate the remainder when i(8) is divided by 6.
3
Suppose -15 = -2*s - 7. Suppose -r = s*r - 45. Suppose 0 = 4*v - 66 - 34. What is the remainder when v is divided by r?
7
Suppose -5*s = -3*b - 0*s + 152, -2*b = -2*s - 100. Calculate the remainder when b is divided by 13.
10
Suppose -5*j + 0 + 160 = 0. Suppose -2*a = 2*t - 0*a - 4, -4*t + 2*a + j = 0. Calculate the remainder when 11 is divided by t.
5
Let z(x) = x**2 - 6*x. Suppose -3*g - p = -29, 3*p = -4*g - p + 52. What is the remainder when 62 is divided by z(g)?
14
Suppose 3*b = 5*z + 6, 0 = -z - 4*b - 4 + 12. Suppose z*h = 4*h - 164. Calculate the remainder when h is divided by (-1)/4 - (-510)/24.
20
Let h = -71 - -89. Calculate the remainder when h is divided by 11.
7
Let j = -24 + 83. Suppose k = 2*k - j. Calculate the remainder when k is divided by 20.
19
Let v = -4 + 8. Suppose -v*u + 60 = -0*u. Let j(r) = 5*r**2 + 3*r + 3. What is the remainder when j(3) is divided by u?
12
Let d = -200 + 113. What is the remainder when 26 is divided by 1/(-2 - d/42)?
12
Let a(d) = 4*d**2 + 5*d - 5. Let j(l) = -3*l**2 - 4*l + 4. Let c(n) = 4*a(n) + 5*j(n). Calculate the remainder when c(-6) is divided by 13.
10
Suppose s = 3*q - 84, -7*s + 2*s = 0. Calculate the remainder when q is divided by 16.
12
Let i(y) = 3*y - 1. Let r(u) = -5*u + 2. Let v(b) = -8*i(b) - 5*r(b). Suppose 0 = -12*g + 16*g - 12. What is the remainder when 1 is divided by v(g)?
0
Let h(m) = -4*m - 8. Suppose -2*t + 2*k = 3*t - 219, 102 = 2*t + 4*k. What is the remainder when t is divided by h(-6)?
13
Let k be 5/(5/2) + -7. What is the remainder when 21 is divided by 2/k - (-96)/15?
3
Suppose 0 = 5*d - 3*a, -5*a + 13 = d - 5*d. What is the remainder when 12 is divided by d?
0
Suppose -3 = -4*l - 15. Let v(k) = -2*k - 1. Let x be v(l). Suppose -d - 42 = -x*w, 0*w + 2*d = -2*w + 24. What is the remainder when 26 is divided by w?
8
Suppose -g = -5*g - 112. Let y = -15 - g. What is the remainder when y is divided by 4?
1
Suppose 3*n = 48 - 15. Let u(b) = b**3 + 2*b**2 + 1. Let t be u(-2). What is the remainder when 10*(-2)/(-1) + t is divided by n?
10
Suppose 4*z = -2*c - 4, 0 = -3*c + 5*z - 6 - 0. Let x = c + 7. Suppose -x*j + 46 + 44 = 0. What is the remainder when 52 is divided by j?
16
What is the remainder when 36 is divided by (-2 - (1 + 0)*-4) + 18?
16
Let q(w) = w**2 - 6*w + 2. Let x be q(6). Suppose -g + 4*y = 1, 0 = 2*g + 2*g + x*y - 68. What is the remainder when 43 is divided by g?
13
Suppose -5*b + 4*z - 3 = 2, -2*z + 10 = 0. Suppose -s = b*s - 64. What is the remainder when s is divided by 1/(16/(-18) - -1)?
7
Suppose -2*w = -d + w + 3, -4*d - 5*w = 